2?
2
What is the tens digit of 601022?
2
What is the units digit of 568110?
0
What is the thousands digit of 322124?
2
What is the hundred thousands digit of 230950?
2
What is the millions digit of 3525931?
3
What is the hundreds digit of 3545804?
8
What is the ten thousands digit of 250102?
5
What is the ten thousands digit of 7594369?
9
What is the ten thousands digit of 19169?
1
What is the thousands digit of 20680?
0
What is the ten thousands digit of 1572605?
7
What is the tens digit of 30773?
7
What is the hundreds digit of 2098403?
4
What is the tens digit of 313175?
7
What is the ten thousands digit of 7406171?
0
What is the hundred thousands digit of 179637?
1
What is the hundred thousands digit of 27580959?
5
What is the thousands digit of 504688?
4
What is the ten thousands digit of 3541922?
4
What is the thousands digit of 1791515?
1
What is the tens digit of 7085925?
2
What is the hundred thousands digit of 8521711?
5
What is the thousands digit of 21433955?
3
What is the ten thousands digit of 331553?
3
What is the ten thousands digit of 420666?
2
What is the thousands digit of 9561933?
1
What is the ten thousands digit of 34641?
3
What is the hundred thousands digit of 1760398?
7
What is the tens digit of 237409?
0
What is the hundred thousands digit of 314754?
3
What is the hundreds digit of 1152877?
8
What is the hundred thousands digit of 116100?
1
What is the hundred thousands digit of 258070?
2
What is the hundreds digit of 1075190?
1
What is the hundreds digit of 457001?
0
What is the hundred thousands digit of 318305?
3
What is the tens digit of 227868?
6
What is the thousands digit of 94370?
4
What is the hundreds digit of 672620?
6
What is the tens digit of 15733041?
4
What is the hundred thousands digit of 5604216?
6
What is the hundreds digit of 446840?
8
What is the units digit of 920246?
6
What is the thousands digit of 592002?
2
What is the millions digit of 1234291?
1
What is the thousands digit of 526956?
6
What is the tens digit of 562298?
9
What is the tens digit of 9204334?
3
What is the millions digit of 19233592?
9
What is the hundreds digit of 14361?
3
What is the units digit of 166331?
1
What is the hundreds digit of 467520?
5
What is the hundreds digit of 2284124?
1
What is the millions digit of 8540831?
8
What is the thousands digit of 222897?
2
What is the ten thousands digit of 731410?
3
What is the hundreds digit of 10425147?
1
What is the units digit of 75047?
7
What is the tens digit of 1090350?
5
What is the millions digit of 11804112?
1
What is the thousands digit of 721095?
1
What is the hundred thousands digit of 2067900?
0
What is the hundred thousands digit of 2016067?
0
What is the hundreds digit of 1192417?
4
What is the units digit of 9415600?
0
What is the units digit of 13731?
1
What is the units digit of 9200?
0
What is the ten thousands digit of 4064514?
6
What is the ten thousands digit of 5453356?
5
What is the hundreds digit of 1849943?
9
What is the hundred thousands digit of 665572?
6
What is the hundreds digit of 14809288?
2
What is the hundred thousands digit of 151928?
1
What is the units digit of 1734586?
6
What is the millions digit of 33745226?
3
What is the ten millions digit of 23856935?
2
What is the tens digit of 2428383?
8
What is the ten thousands digit of 3032155?
3
What is the tens digit of 2280812?
1
What is the tens digit of 17407870?
7
What is the tens digit of 760509?
0
What is the ten thousands digit of 114061?
1
What is the units digit of 21673?
3
What is the thousands digit of 318629?
8
What is the tens digit of 260255?
5
What is the units digit of 30737167?
7
What is the hundreds digit of 235567?
5
What is the tens digit of 743905?
0
What is the hundred thousands digit of 3192781?
1
What is the millions digit of 19123795?
9
What is the thousands digit of 9678669?
8
What is the millions digit of 1445401?
1
What is the tens digit of 229798?
9
What is the units digit of 6978?
8
What is the ten thousands digit of 2425568?
2
What is the tens digit of 398758?
5
What is the hundred thousands digit of 2559973?
5
What is the thousands digit of 675700?
5
What is the ten thousands digit of 206615?
0
What is the hundred thousands digit of 7383158?
3
What is the tens digit of 3452?
5
What is the ten thousands digit of 287969?
8
What is the units digit of 4612757?
7
What is the millions digit of 1831325?
1
What is the hundred thousands digit of 5687474?
6
What is the ten thousands digit of 987952?
8
What is the units digit of 119278?
8
What is the hundred thousands digit of 627305?
6
What is the units digit of 3131217?
7
What is the hundreds digit of 2629735?
7
What is the units digit of 1744745?
5
What is the units digit of 3628428?
8
What is the thousands digit of 166500?
6
What is the tens digit of 785?
8
What is the units digit of 204140?
0
What is the thousands digit of 1429642?
9
What is the hundreds digit of 36202?
2
What is the tens digit of 171597?
9
What is the units digit of 5761402?
2
What is the units digit of 26278124?
4
What is the units digit of 554199?
9
What is the thousands digit of 264991?
4
What is the millions digit of 6370458?
6
What is the ten thousands digit of 175362?
7
What is the ten thousands digit of 667476?
6
What is the hundreds digit of 5124?
1
What is the hundreds digit of 2972184?
1
What is the hundred thousands digit of 15001132?
0
What is the ten thousands digit of 302959?
0
What is the thousands digit of 3788984?
8
What is the hundreds digit of 376595?
5
What is the units digit of 51159?
9
What is the tens digit of 518732?
3
What is the millions digit of 2753329?
2
What is the hundreds digit of 1930894?
8
What is the tens digit of 223877?
7
What is the tens digit of 729706?
0
What is the hundreds digit of 3714169?
1
What is the ten millions digit of 14822474?
1
What is the millions digit of 12971249?
2
What is the thousands digit of 4763820?
3
What is the hundred thousands digit of 187576?
1
What is the millions digit of 11973438?
1
What is the hundred thousands digit of 25024145?
0
What is the hundreds digit of 484775?
7
What is the tens digit of 1555199?
9
What is the thousands digit of 2395751?
5
What is the ten thousands digit of 350718?
5
What is the hundreds digit of 3068641?
6
What is the tens digit of 459980?
8
What is the tens digit of 1530841?
4
What is the tens digit of 3293923?
2
What is the thousands digit of 73566?
3
What is the ten thousands digit of 212368?
1
What is the hundreds digit of 425757?
7
What is the tens digit of 408848?
4
What is the ten thousands digit of 12078419?
7
What is the hundreds digit of 304487?
4
What is the ten thousands digit of 6783222?
8
What is the units digit of 40913?
3
What is the hundreds digit of 6180973?
9
What is the millions digit of 1784246?
1
What is the tens digit of 4391177?
7
What is the millions digit of 9351154?
9
What is the hundred thousands digit of 1431025?
4
What is the units digit of 637274?
4
What is the thousands digit of 382061?
2
What is the hundreds digit of 42027137?
1
What is the units digit of 2600413?
3
What is the hundreds digit of 2147831?
8
What is the ten millions digit of 15906105?
1
What is the tens digit of 16196074?
7
What is the hundreds digit of 25028?
0
What is the ten thousands digit of 362360?
6
What is the ten thousands digit of 493847?
9
What is the hundred thousands digit of 177201?
1
What is the millions digit of 4752093?
4
What is the ten thousands digit of 216811?
1
What is the tens digit of 482495?
9
What is the thousands digit of 1014886?
4
What is the hundreds digit of 999793?
7
What is the units digit of 306300?
0
What is the units digit of 1951677?
7
What is the ten thousands digit of 343240?
4
What is the tens digit of 1575776?
7
What is the ten thousands digit of 1779242?
7
What is the hundred thousands digit of 341966?
3
What is the ten thousands digit of 121994?
2
What is the units digit of 3619540?
0
What is the ten thousands digit of 2790956?
9
What is the thousands digit of 1397535?
7
What is the hundred thousands digit of 153691?
1
What is the hundred thousands digit of 12923021?
9
What is the ten thousands digit of 108720?
0
What is the thousands digit of 658932?
8
What is the hundreds digit of 3416002?
0
What is the hundred t